{"id":3081,"date":"2024-06-25T17:38:58","date_gmt":"2024-06-25T15:38:58","guid":{"rendered":"https:\/\/canada.diplomatie.gov.bf\/?page_id=3081"},"modified":"2024-09-30T14:49:28","modified_gmt":"2024-09-30T12:49:28","slug":"cooperation-bilaterale","status":"publish","type":"page","link":"https:\/\/canada.diplomatie.gov.bf\/index.php\/cooperation-bilaterale\/","title":{"rendered":"Coop\u00e9ration"},"content":{"rendered":"\t\t<div data-elementor-type=\"wp-page\" data-elementor-id=\"3081\" class=\"elementor elementor-3081\" data-elementor-post-type=\"page\">\n\t\t\t\t\t\t<section data-particle_enable=\"false\" data-particle-mobile-disabled=\"false\" class=\"elementor-section elementor-top-section elementor-element elementor-element-5be9735 elementor-section-content-middle elementor-section-boxed elementor-section-height-default elementor-section-height-default\" data-id=\"5be9735\" data-element_type=\"section\" data-e-type=\"section\">\n\t\t\t\t\t\t<div class=\"elementor-container elementor-column-gap-default\">\n\t\t\t\t\t<div class=\"elementor-column elementor-col-33 elementor-top-column elementor-element elementor-element-53bba94\" data-id=\"53bba94\" data-element_type=\"column\" data-e-type=\"column\">\n\t\t\t<div class=\"elementor-widget-wrap elementor-element-populated\">\n\t\t\t\t\t\t<div class=\"elementor-element elementor-element-4a69eb6 elementor-widget elementor-widget-image\" data-id=\"4a69eb6\" data-element_type=\"widget\" data-e-type=\"widget\" data-widget_type=\"image.default\">\n\t\t\t\t<div class=\"elementor-widget-container\">\n\t\t\t\t\t\t\t\t\t\t\t\t\t\t\t<img fetchpriority=\"high\" decoding=\"async\" width=\"640\" height=\"427\" src=\"https:\/\/canada.diplomatie.gov.bf\/wp-content\/uploads\/sites\/18\/2024\/06\/Flag_of_Burkina_Faso.png\" class=\"attachment-large size-large wp-image-3861\" alt=\"\" \/>\t\t\t\t\t\t\t\t\t\t\t\t\t\t\t<\/div>\n\t\t\t\t<\/div>\n\t\t\t\t\t<\/div>\n\t\t<\/div>\n\t\t\t\t<div class=\"elementor-column elementor-col-33 elementor-top-column elementor-element elementor-element-a3f2d55\" data-id=\"a3f2d55\" data-element_type=\"column\" data-e-type=\"column\">\n\t\t\t<div class=\"elementor-widget-wrap elementor-element-populated\">\n\t\t\t\t\t\t<section data-particle_enable=\"false\" data-particle-mobile-disabled=\"false\" class=\"elementor-section elementor-inner-section elementor-element elementor-element-128b53c elementor-section-boxed elementor-section-height-default elementor-section-height-default\" data-id=\"128b53c\" data-element_type=\"section\" data-e-type=\"section\">\n\t\t\t\t\t\t<div class=\"elementor-container elementor-column-gap-default\">\n\t\t\t\t\t<div class=\"elementor-column elementor-col-100 elementor-inner-column elementor-element elementor-element-9944a25\" data-id=\"9944a25\" data-element_type=\"column\" data-e-type=\"column\">\n\t\t\t<div class=\"elementor-widget-wrap elementor-element-populated\">\n\t\t\t\t\t\t<div class=\"elementor-element elementor-element-96d3d59 elementor-widget elementor-widget-heading\" data-id=\"96d3d59\" data-element_type=\"widget\" data-e-type=\"widget\" data-widget_type=\"heading.default\">\n\t\t\t\t<div class=\"elementor-widget-container\">\n\t\t\t\t\t<h2 class=\"elementor-heading-title elementor-size-default\">COOP\u00c9RATION BURKINA FASO-CANADA<\/h2>\t\t\t\t<\/div>\n\t\t\t\t<\/div>\n\t\t\t\t<div class=\"elementor-element elementor-element-de065ea elementor-widget elementor-widget-text-editor\" data-id=\"de065ea\" data-element_type=\"widget\" data-e-type=\"widget\" data-widget_type=\"text-editor.default\">\n\t\t\t\t<div class=\"elementor-widget-container\">\n\t\t\t\t\t\t\t\t\t<p>La coop\u00e9ration entre le Burkina Faso et le Canada couvre divers domaines. Cette coop\u00e9ration s\u2019est mat\u00e9rialis\u00e9e par la signature d\u2019un certain nombre d\u2019accords aussi bien au niveau f\u00e9d\u00e9ral que provincial\u00a0:<\/p><ul><li>l\u2019accord sur la promotion et la protection des investissements;<\/li><li>l\u2019entente entre le gouvernement du Burkina Faso et le gouvernement du Qu\u00e9bec en mati\u00e8re de mobilit\u00e9 \u00e9tudiante au niveau universitaire,<\/li><li>le protocole d\u2019entente de partenariat entre l\u2019Ambassade et le Conseil des \u00c9coles Publiques de l\u2019Est de l\u2019Ontario (CEPEO),<\/li><li>et enfin l\u2019entente de principe entre l\u2019Ambassade et le Conseil des \u00c9coles Fransaskoises (CEF) de la province de la Saskatchewan.<\/li><\/ul><p>Sur le plan \u00e9conomique et commercial, l\u2019Accord conclu le 20 avril 2015 entre le Gouvernement du Burkina Faso et le Gouvernement du Canada sur la promotion et la protection des investissements, et entr\u00e9 en vigueur en octobre 2017, vise \u00e0 encourager et s\u00e9curiser les investissements entre les deux pays.<\/p><p>L\u2019entente entre le gouvernement du Burkina Faso et le gouvernement du Qu\u00e9bec vise entre autres, \u00e0 encourager et favoriser la coop\u00e9ration entre le Qu\u00e9bec et le Burkina Faso en mati\u00e8re de mobilit\u00e9 \u00e9tudiante au niveau universitaire.<\/p><p>Le protocole d\u2019entente de partenariat avec le CEPEO vise \u00e0 mettre en place un cadre de coop\u00e9ration pour la r\u00e9alisation d\u2019\u00e9changes d\u2019expertises, d\u2019exp\u00e9riences et de jumelages scolaires.<\/p><p>L\u2019entente de principe avec le CEF a pour but de mettre en place un programme d\u2019\u00e9changes internationaux d\u2019enseignants et d\u2019\u00e9l\u00e8ves.<\/p><p>Outre cet accord de coop\u00e9ration et les ententes de collaboration, l\u2019Ambassade a engag\u00e9 des n\u00e9gociations avec des institutions canadiennes \u0153uvrant dans le domaine de la formation universitaire et professionnelle.<\/p>\t\t\t\t\t\t\t\t<\/div>\n\t\t\t\t<\/div>\n\t\t\t\t<div class=\"elementor-element elementor-element-35411af eael-divider-center elementor-widget elementor-widget-eael-divider\" data-id=\"35411af\" data-element_type=\"widget\" data-e-type=\"widget\" data-widget_type=\"eael-divider.default\">\n\t\t\t\t<div class=\"elementor-widget-container\">\n\t\t\t\t\t\t\t<div class=\"eael-divider-wrap divider-direction-horizontal\">\n\t\t\t\t\t\t\t<div class=\"divider-text-container\">\n\t\t\t\t\t<div class=\"divider-text-wrap\">\n\t\t\t\t\t\t\t\t\t\t\t\t\t<span class=\"divider-border-wrap divider-border-left\">\n\t\t\t\t\t\t\t\t<span class=\"divider-border\"><\/span>\n\t\t\t\t\t\t\t<\/span>\n\t\t\t\t\t\t\t\t\t\t\t\t<span class=\"eael-divider-content\">\n\t\t\t\t\t\t\t\t\t\t\t\t\t\t\t<span class=\"eael-divider-icon\">\n\t\t\t\t\t\t\t\t\t\t\t\t\t\t\t\t\t\t\t<svg aria-hidden=\"false\" class=\"e-font-icon-svg e-fas-star\" viewBox=\"0 0 576 512\" xmlns=\"http:\/\/www.w3.org\/2000\/svg\"><path d=\"M259.3 17.8L194 150.2 47.9 171.5c-26.2 3.8-36.7 36.1-17.7 54.6l105.7 103-25 145.5c-4.5 26.3 23.2 46 46.4 33.7L288 439.6l130.7 68.7c23.2 12.2 50.9-7.4 46.4-33.7l-25-145.5 105.7-103c19-18.5 8.5-50.8-17.7-54.6L382 150.2 316.7 17.8c-11.7-23.6-45.6-23.9-57.4 0z\"><\/path><\/svg>\t\t\t\t\t\t\t\t\t\t\t\t\t\t\t\t\t<\/span>\n\t\t\t\t\t\t\t\t\t\t\t\t\t<\/span>\n\t\t\t\t\t\t\t\t\t\t\t\t\t<span class=\"divider-border-wrap divider-border-right\">\n\t\t\t\t\t\t\t\t<span class=\"divider-border\"><\/span>\n\t\t\t\t\t\t\t<\/span>\n\t\t\t\t\t\t\t\t\t\t\t<\/div>\n\t\t\t\t<\/div>\n\t\t\t\t\t<\/div>\n\t\t\t\t<\/div>\n\t\t\t\t<\/div>\n\t\t\t\t\t<\/div>\n\t\t<\/div>\n\t\t\t\t\t<\/div>\n\t\t<\/section>\n\t\t\t\t\t<\/div>\n\t\t<\/div>\n\t\t\t\t<div class=\"elementor-column elementor-col-33 elementor-top-column elementor-element elementor-element-f913597\" data-id=\"f913597\" data-element_type=\"column\" data-e-type=\"column\">\n\t\t\t<div class=\"elementor-widget-wrap elementor-element-populated\">\n\t\t\t\t\t\t<div class=\"elementor-element elementor-element-b42947b elementor-widget elementor-widget-image\" data-id=\"b42947b\" data-element_type=\"widget\" data-e-type=\"widget\" data-widget_type=\"image.default\">\n\t\t\t\t<div class=\"elementor-widget-container\">\n\t\t\t\t\t\t\t\t\t\t\t\t\t\t\t<img decoding=\"async\" width=\"640\" height=\"320\" src=\"https:\/\/canada.diplomatie.gov.bf\/wp-content\/uploads\/sites\/18\/2024\/09\/Flag_of_Canada_Pantone.svg-1024x512.png\" class=\"attachment-large size-large wp-image-5107\" alt=\"\" srcset=\"https:\/\/canada.diplomatie.gov.bf\/wp-content\/uploads\/sites\/18\/2024\/09\/Flag_of_Canada_Pantone.svg-1024x512.png 1024w, https:\/\/canada.diplomatie.gov.bf\/wp-content\/uploads\/sites\/18\/2024\/09\/Flag_of_Canada_Pantone.svg-300x150.png 300w, https:\/\/canada.diplomatie.gov.bf\/wp-content\/uploads\/sites\/18\/2024\/09\/Flag_of_Canada_Pantone.svg-768x384.png 768w, https:\/\/canada.diplomatie.gov.bf\/wp-content\/uploads\/sites\/18\/2024\/09\/Flag_of_Canada_Pantone.svg-1536x768.png 1536w, https:\/\/canada.diplomatie.gov.bf\/wp-content\/uploads\/sites\/18\/2024\/09\/Flag_of_Canada_Pantone.svg.png 1920w\" sizes=\"(max-width: 640px) 100vw, 640px\" \/>\t\t\t\t\t\t\t\t\t\t\t\t\t\t\t<\/div>\n\t\t\t\t<\/div>\n\t\t\t\t\t<\/div>\n\t\t<\/div>\n\t\t\t\t\t<\/div>\n\t\t<\/section>\n\t\t\t\t<\/div>\n\t\t","protected":false},"excerpt":{"rendered":"<p>COOP\u00c9RATION BURKINA FASO-CANADA La coop\u00e9ration entre le Burkina Faso et le Canada couvre divers domaines. Cette coop\u00e9ration s\u2019est mat\u00e9rialis\u00e9e par la signature d\u2019un certain nombre d\u2019accords aussi bien au niveau f\u00e9d\u00e9ral que provincial\u00a0: l\u2019accord sur la promotion et la protection des investissements; l\u2019entente entre le gouvernement du Burkina Faso et le gouvernement du Qu\u00e9bec en [&hellip;]<\/p>\n","protected":false},"author":4,"featured_media":0,"parent":0,"menu_order":0,"comment_status":"closed","ping_status":"closed","template":"elementor_header_footer","meta":{"_acf_changed":false,"_eb_attr":"","_monsterinsights_skip_tracking":false,"_monsterinsights_sitenote_active":false,"_monsterinsights_sitenote_note":"","_monsterinsights_sitenote_category":0,"footnotes":""},"class_list":["post-3081","page","type-page","status-publish","hentry"],"acf":[],"_links":{"self":[{"href":"https:\/\/canada.diplomatie.gov.bf\/index.php\/wp-json\/wp\/v2\/pages\/3081","targetHints":{"allow":["GET"]}}],"collection":[{"href":"https:\/\/canada.diplomatie.gov.bf\/index.php\/wp-json\/wp\/v2\/pages"}],"about":[{"href":"https:\/\/canada.diplomatie.gov.bf\/index.php\/wp-json\/wp\/v2\/types\/page"}],"author":[{"embeddable":true,"href":"https:\/\/canada.diplomatie.gov.bf\/index.php\/wp-json\/wp\/v2\/users\/4"}],"replies":[{"embeddable":true,"href":"https:\/\/canada.diplomatie.gov.bf\/index.php\/wp-json\/wp\/v2\/comments?post=3081"}],"version-history":[{"count":47,"href":"https:\/\/canada.diplomatie.gov.bf\/index.php\/wp-json\/wp\/v2\/pages\/3081\/revisions"}],"predecessor-version":[{"id":5139,"href":"https:\/\/canada.diplomatie.gov.bf\/index.php\/wp-json\/wp\/v2\/pages\/3081\/revisions\/5139"}],"wp:attachment":[{"href":"https:\/\/canada.diplomatie.gov.bf\/index.php\/wp-json\/wp\/v2\/media?parent=3081"}],"curies":[{"name":"wp","href":"https:\/\/api.w.org\/{rel}","templated":true}]}}